{"id":12,"date":"2021-01-19T19:32:21","date_gmt":"2021-01-19T19:32:21","guid":{"rendered":"https:\/\/senerg.eu\/?page_id=12"},"modified":"2026-04-01T08:34:40","modified_gmt":"2026-04-01T06:34:40","slug":"nowe-muzeum-sztuki-nowoczesnej-otwarlo-swoje-powoje","status":"publish","type":"page","link":"https:\/\/www.inwerter.com\/","title":{"rendered":""},"content":{"rendered":"\n<hr class=\"wp-block-separator has-alpha-channel-opacity\"\/>\n\n\n\n<div class=\"wp-block-group\"><div class=\"wp-block-group__inner-container is-layout-constrained wp-block-group-is-layout-constrained\">\n<div class=\"wp-block-columns is-layout-flex wp-container-core-columns-is-layout-9d6595d7 wp-block-columns-is-layout-flex\">\n<div class=\"wp-block-column is-layout-flow wp-block-column-is-layout-flow\" style=\"flex-basis:33.33%\">\n<p><strong><em>\u015awiadectwo energetyczne 24h online.<\/em><\/strong><\/p>\n\n\n\n<p class=\"has-vivid-red-color has-text-color has-link-color wp-elements-7d4644b7568629a2182cc32f56fb3c17\"><strong>Uwaga! Nie jeste\u015bmy anonimowi. Nasze uprawnienia do wykonywania \u015bwiadectw, polis\u0119 ubezpieczenia zawodowego oraz wymagane wykszta\u0142cenie, znajdziecie Pa\u0144stwo w zak\u0142adce <a href=\"https:\/\/senerg.eu\/?p=738\" data-type=\"link\" data-id=\"https:\/\/senerg.eu\/?p=738\">UPRAWNIENIA<\/a>.<\/strong> <strong>Wi\u0119cej informacji na temat naszej firmy znajdziecie Pa\u0144stwo w zak\u0142adce<\/strong> <a href=\"https:\/\/senerg.eu\/?page_id=13\" data-type=\"link\" data-id=\"https:\/\/senerg.eu\/?page_id=13\"><strong>POZNAJ NASZ\u0104 FIRM\u0118<\/strong><\/a><\/p>\n\n\n\n<p><strong>Wykonujemy \u015bwiadectwa dla wszystkich rodzaj\u00f3w budynk\u00f3w na terenie ca\u0142ej Polski<\/strong>. <strong>Posiadamy audytor\u00f3w w czterech oddzia\u0142ach firmy: Wroc\u0142aw, Leszno, Pozna\u0144 oraz Warszawa.<\/strong><\/p>\n\n\n\n<p>Posiadamy opomiarowane budynki mieszkalne w ca\u0142ej Polsce. W ka\u017cdym przypadku, przed wykonaniem \u015bwiadectwa, kontaktujemy si\u0119 z administratorem budynku, celem uzyskania wszystkich dost\u0119pnych danych technicznych. Tylko takie dzia\u0142anie pozwala na precyzyjne wyliczenia wsp\u00f3\u0142czynnik\u00f3w energetycznych.<\/p>\n\n\n\n<p>Wed\u0142ug aktualnych przepis\u00f3w&nbsp;prawa \u015bwiadectwo charakterystyki energetycznej budynku lub cz\u0119\u015bci budynku wymagane jest m.in. przy <strong> oferowania nieruchomo\u015bci na sprzeda\u017c lub wynajem<\/strong>. Wym\u00f3g ten jest r\u00f3wnie\u017c stosowany dla budynk\u00f3w <strong>oddawanych do u\u017cytkowania.<\/strong><\/p>\n\n\n\n<p>W przypadku braku posiadania \u015bwiadectwa  przy wynajmie czy sprzeda\u017cy nieruchomo\u015bci grozi grzywna do 5 tys. z\u0142. Podczas sporz\u0105dzania aktu notarialnego  Notariusz pouczy o sankcji zagro\u017conej wy\u017cej wymienion\u0105 kar\u0105 finansow\u0105.<\/p>\n\n\n\n<p>Nasze d\u0142ugoletnie do\u015bwiadczenie, pozwala na wykonanie dokumentu w czasie 24 godzin od przes\u0142ania wymaganych danych.<\/p>\n\n\n\n<p>Zaufa\u0142o ju\u017c nam ponad tysi\u0105c klient\u00f3w. Wykonali\u015bmy projekty od gara\u017cy jednostanowiskowych, po budynki biurowe o wysoko\u015bci kilkudziesi\u0119ciu kondygnacji.<\/p>\n\n\n\n<div class=\"wp-block-buttons is-layout-flex wp-block-buttons-is-layout-flex\">\n<div class=\"wp-block-button is-style-outline is-style-outline--1\"><a class=\"wp-block-button__link has-white-color has-vivid-red-background-color has-text-color has-background has-link-color has-medium-font-size has-custom-font-size wp-element-button\" href=\"https:\/\/www.inwerter.com\/?page_id=978\" style=\"border-radius:100px;font-style:normal;font-weight:700\" target=\"_blank\" rel=\"noreferrer noopener\">Wype\u0142nij formularz dla lokalu mieszkalnego &#8211; promocja 100z\u0142<\/a><\/div>\n\n\n\n<div class=\"wp-block-button is-style-outline is-style-outline--2\"><a class=\"wp-block-button__link has-white-color has-vivid-red-background-color has-text-color has-background has-link-color has-medium-font-size has-custom-font-size wp-element-button\" href=\"https:\/\/www.inwerter.com\/?page_id=999\" style=\"border-radius:100px;font-style:normal;font-weight:700\">Wype\u0142nij formularz dla domu &#8211; promocja 200z\u0142<\/a><\/div>\n\n\n\n<div class=\"wp-block-button is-style-outline is-style-outline--3\"><a class=\"wp-block-button__link has-white-color has-vivid-red-background-color has-text-color has-background has-link-color has-medium-font-size has-custom-font-size wp-element-button\" href=\"https:\/\/www.inwerter.com\/?page_id=1007\" style=\"border-radius:100px;font-style:normal;font-weight:700\">Wype\u0142nij formularz dla lokalu u\u017cytkowego &#8211; promocja 300z\u0142<\/a><\/div>\n<\/div>\n<\/div>\n\n\n\n<div class=\"wp-block-column is-layout-flow wp-block-column-is-layout-flow\" style=\"flex-basis:66.66%\"><div class=\"wp-block-image\">\n<figure class=\"aligncenter size-full is-resized\"><img loading=\"lazy\" decoding=\"async\" width=\"747\" height=\"691\" src=\"https:\/\/www.inwerter.com\/wp-content\/uploads\/2025\/12\/reklama-FB-wymiar.jpg\" alt=\"\" class=\"wp-image-1505\" style=\"aspect-ratio:1.0810415269223732;width:462px;height:auto\" srcset=\"https:\/\/www.inwerter.com\/wp-content\/uploads\/2025\/12\/reklama-FB-wymiar.jpg 747w, https:\/\/www.inwerter.com\/wp-content\/uploads\/2025\/12\/reklama-FB-wymiar-300x278.jpg 300w\" sizes=\"auto, (max-width: 747px) 100vw, 747px\" \/><\/figure>\n<\/div>\n\n<div class=\"wp-block-image\">\n<figure class=\"aligncenter size-full is-resized\"><img loading=\"lazy\" decoding=\"async\" width=\"930\" height=\"1251\" src=\"https:\/\/www.inwerter.com\/wp-content\/uploads\/2026\/03\/STRONA.jpg\" alt=\"\" class=\"wp-image-1608\" style=\"width:458px;height:auto\" srcset=\"https:\/\/www.inwerter.com\/wp-content\/uploads\/2026\/03\/STRONA.jpg 930w, https:\/\/www.inwerter.com\/wp-content\/uploads\/2026\/03\/STRONA-223x300.jpg 223w, https:\/\/www.inwerter.com\/wp-content\/uploads\/2026\/03\/STRONA-761x1024.jpg 761w, https:\/\/www.inwerter.com\/wp-content\/uploads\/2026\/03\/STRONA-768x1033.jpg 768w\" sizes=\"auto, (max-width: 930px) 100vw, 930px\" \/><\/figure>\n<\/div><\/div>\n<\/div>\n<\/div><\/div>\n\n\n\n<hr class=\"wp-block-separator has-alpha-channel-opacity\"\/>\n\n\n\n<div class=\"wp-block-columns is-layout-flex wp-container-core-columns-is-layout-9d6595d7 wp-block-columns-is-layout-flex\">\n<div class=\"wp-block-column is-layout-flow wp-block-column-is-layout-flow\">\n<p style=\"font-size:30px\"><strong>Przygotowanie dokument\u00f3w.<\/strong><\/p>\n\n\n\n<p>Prosimy o przes\u0142anie dokument\u00f3w zwi\u0105zanych z budynkiem (w przypadku braku danych, skontaktujemy si\u0119 z administracj\u0105 obiektu).  Zarz\u0105dc\u0119 nieruchomo\u015bci przepisy obliguj\u0105 do 14 dniowego terminu na ich dostarczenie w\u0142a\u015bcicielowi nieruchomo\u015bci. Do sporz\u0105dzenia, w pierwszej kolejno\u015bci wymagany jest rzut pomieszcze\u0144 wraz z wymiarami. Wszystkie dane prosimy o potwierdzenie dokumentacj\u0105 fotograficzn\u0105 (zdj\u0119cia stolarki okiennej i drzwiowej, wymiarowania, system\u00f3w technicznych, przegr\u00f3d budowlanych). Kolejne etapy (w przypadku braku danych) uzgadniamy z klientem na bie\u017c\u0105co. W ostateczno\u015bci, mo\u017ce by\u0107 wymagana dodatkowa inwentaryzacja przeprowadzona na miejscu przez nasz\u0105 firm\u0119 (dodatkowy koszt ustalany indywidualnie).<\/p>\n\n\n\n<p><strong>Wsp\u00f3\u0142pracujemy z audytorami energetycznymi z ca\u0142ej Polski.<\/strong><\/p>\n<\/div>\n\n\n\n<div class=\"wp-block-column is-layout-flow wp-block-column-is-layout-flow\">\n<figure class=\"wp-block-image size-full is-resized\"><img decoding=\"async\" src=\"https:\/\/www.inwerter.com\/wp-content\/uploads\/2025\/08\/1.png\" alt=\"\" class=\"wp-image-1430\" style=\"aspect-ratio:1.041271830213799;width:312px;height:auto\"\/><\/figure>\n<\/div>\n<\/div>\n\n\n\n<hr class=\"wp-block-separator has-alpha-channel-opacity\"\/>\n\n\n\n<div class=\"wp-block-columns is-layout-flex wp-container-core-columns-is-layout-9d6595d7 wp-block-columns-is-layout-flex\">\n<div class=\"wp-block-column is-layout-flow wp-block-column-is-layout-flow\">\n<p style=\"font-size:30px\"><strong>Braki danych?<\/strong><\/p>\n\n\n\n<p>Oto przyk\u0142ady, jak sobie z nimi radzimy:<\/p>\n\n\n\n<ul class=\"wp-block-list\">\n<li>Niekt\u00f3re informacje mo\u017cemy pozyska\u0107 z obowi\u0105zuj\u0105cych Norm. Tabele materia\u0142owe pozwalaj\u0105 na uzyskanie w\u0142a\u015bciwo\u015bci fizycznych materia\u0142\u00f3w u\u017cytych do budowy budynku.<\/li>\n<\/ul>\n\n\n\n<ul class=\"wp-block-list\">\n<li>Wsp\u00f3\u0142czynniki przenikania ciep\u0142a stolarki mo\u017cemy odczyta\u0107 z etykiet energetycznych, w ostatecznym rachunku oszacowanie tych warto\u015bci przybli\u017c\u0105 wymagane wytyczne techniczne lat ich produkcji. <\/li>\n<\/ul>\n\n\n\n<ul class=\"wp-block-list\">\n<li>Dla wyliczenia mostk\u00f3w termicznych, korzystamy z Normy PN-EN ISO 14683.<\/li>\n<\/ul>\n\n\n\n<p><strong>Lata do\u015bwiadcze\u0144 pozwalaj\u0105 na prawid\u0142owe obliczenia nawet w przypadku braku danych szczeg\u00f3\u0142owych.<\/strong><\/p>\n<\/div>\n\n\n\n<div class=\"wp-block-column is-layout-flow wp-block-column-is-layout-flow\"><div class=\"wp-block-image\">\n<figure class=\"aligncenter size-full is-resized\"><img loading=\"lazy\" decoding=\"async\" width=\"474\" height=\"741\" src=\"https:\/\/www.inwerter.com\/wp-content\/uploads\/2025\/12\/Bez-tytulu-3.png\" alt=\"\" class=\"wp-image-1558\" style=\"aspect-ratio:0.6396766976979145;width:230px;height:auto\" srcset=\"https:\/\/www.inwerter.com\/wp-content\/uploads\/2025\/12\/Bez-tytulu-3.png 474w, https:\/\/www.inwerter.com\/wp-content\/uploads\/2025\/12\/Bez-tytulu-3-192x300.png 192w\" sizes=\"auto, (max-width: 474px) 100vw, 474px\" \/><\/figure>\n<\/div><\/div>\n<\/div>\n\n\n\n<hr class=\"wp-block-separator has-alpha-channel-opacity\"\/>\n\n\n\n<div class=\"wp-block-columns is-layout-flex wp-container-core-columns-is-layout-9d6595d7 wp-block-columns-is-layout-flex\">\n<div class=\"wp-block-column is-layout-flow wp-block-column-is-layout-flow\">\n<figure class=\"wp-block-image size-large is-resized\"><img decoding=\"async\" src=\"https:\/\/www.inwerter.com\/wp-content\/uploads\/2025\/02\/Bez-tytulu-4-1024x545.png\" alt=\"\" class=\"wp-image-1243\" style=\"width:384px;height:auto\"\/><\/figure>\n<\/div>\n\n\n\n<div class=\"wp-block-column is-layout-flow wp-block-column-is-layout-flow\">\n<p class=\"has-text-align-left\" style=\"font-size:30px\"><strong>Modelowanie budynku.<\/strong><\/p>\n\n\n\n<p class=\"has-text-align-left\"><\/p>\n\n\n\n<p>Do modelowania budynku u\u017cywamy profesjonalnego oprogramowania. Obliczenia  cieplne s\u0105 istotnym krokiem w projektowaniu energooszcz\u0119dnych i komfortowych budynk\u00f3w mieszkalnych i us\u0142ugowych. Obliczamy przep\u0142ywy ciep\u0142a, temperatury powietrza, wilgotno\u015bci i innych czynnik\u00f3w, kt\u00f3re maj\u0105 znacz\u0105cy wp\u0142yw na energoch\u0142onno\u015b\u0107 obiekt\u00f3w budowlanych.<\/p>\n<\/div>\n<\/div>\n\n\n\n<hr class=\"wp-block-separator has-alpha-channel-opacity\"\/>\n\n\n\n<div class=\"wp-block-columns is-layout-flex wp-container-core-columns-is-layout-9d6595d7 wp-block-columns-is-layout-flex\">\n<div class=\"wp-block-column is-layout-flow wp-block-column-is-layout-flow\">\n<p class=\"has-text-align-left\" style=\"font-size:30px\"><strong>Wpis do centralnego rejestru charakterystyki energetycznej budynk\u00f3w.<\/strong><\/p>\n\n\n\n<p class=\"has-text-align-left\"><\/p>\n\n\n\n<p>Zgodnie z obowi\u0105zuj\u0105cym prawem, wykonane \u015bwiadectwa przesy\u0142amy do centralnego rejestru Ministerstwa Rozwoju i Technologii.<\/p>\n<\/div>\n\n\n\n<div class=\"wp-block-column is-layout-flow wp-block-column-is-layout-flow\">\n<figure class=\"wp-block-image size-large\"><img decoding=\"async\" src=\"https:\/\/www.inwerter.com\/wp-content\/uploads\/2025\/02\/Bez-tytulu-1-1-1024x524.png\" alt=\"\" class=\"wp-image-1244\"\/><\/figure>\n<\/div>\n<\/div>\n\n\n\n<div class=\"wp-block-group alignwide has-background\" style=\"background-color:#ffffff\"><div class=\"wp-block-group__inner-container is-layout-flow wp-block-group-is-layout-flow\">\n<div class=\"wp-block-group\"><div class=\"wp-block-group__inner-container is-layout-flow wp-block-group-is-layout-flow\">\n<hr class=\"wp-block-separator has-alpha-channel-opacity\"\/>\n\n\n\n<h2 class=\"wp-block-heading has-text-align-center\">Skontaktuj si\u0119 z nami mailowo lub telefonicznie!<\/h2>\n\n\n\n<p class=\"has-text-align-center has-large-font-size\"><strong><em>tel. 790 338 616<\/em><\/strong><\/p>\n\n\n\n<hr class=\"wp-block-separator has-alpha-channel-opacity\"\/>\n<\/div><\/div>\n<\/div><\/div>\n\n\n\n<p><\/p>\n","protected":false},"excerpt":{"rendered":"<p>\u015awiadectwo energetyczne 24h online. Uwaga! Nie jeste\u015bmy anonimowi. Nasze uprawnienia do wykonywania \u015bwiadectw, polis\u0119 ubezpieczenia zawodowego oraz wymagane wykszta\u0142cenie, znajdziecie Pa\u0144stwo w zak\u0142adce UPRAWNIENIA. Wi\u0119cej informacji na temat naszej firmy&hellip; <\/p>\n","protected":false},"author":1,"featured_media":0,"parent":0,"menu_order":0,"comment_status":"closed","ping_status":"closed","template":"","meta":{"footnotes":""},"class_list":["post-12","page","type-page","status-publish","hentry"],"_links":{"self":[{"href":"https:\/\/www.inwerter.com\/index.php?rest_route=\/wp\/v2\/pages\/12","targetHints":{"allow":["GET"]}}],"collection":[{"href":"https:\/\/www.inwerter.com\/index.php?rest_route=\/wp\/v2\/pages"}],"about":[{"href":"https:\/\/www.inwerter.com\/index.php?rest_route=\/wp\/v2\/types\/page"}],"author":[{"embeddable":true,"href":"https:\/\/www.inwerter.com\/index.php?rest_route=\/wp\/v2\/users\/1"}],"replies":[{"embeddable":true,"href":"https:\/\/www.inwerter.com\/index.php?rest_route=%2Fwp%2Fv2%2Fcomments&post=12"}],"version-history":[{"count":13,"href":"https:\/\/www.inwerter.com\/index.php?rest_route=\/wp\/v2\/pages\/12\/revisions"}],"predecessor-version":[{"id":1672,"href":"https:\/\/www.inwerter.com\/index.php?rest_route=\/wp\/v2\/pages\/12\/revisions\/1672"}],"wp:attachment":[{"href":"https:\/\/www.inwerter.com\/index.php?rest_route=%2Fwp%2Fv2%2Fmedia&parent=12"}],"curies":[{"name":"wp","href":"https:\/\/api.w.org\/{rel}","templated":true}]}}